58 + 67)?
-7
Evaluate 2 - 0 - (16 - 8 - (-12 + 10)).
-8
What is 10 - (-2 + (-5 - 0) + 8)?
9
What is the value of -24 + 0 + -16 + 30?
-10
(48 - (28 + -18)) + -31
7
What is the value of 3 + (19 - 25) + 0?
-3
What is 8 + 11 + -23 + 15?
11
(12 - (-9 - -10)) + -18 - 22 - -6
-23
Evaluate 12 + -5 + (7 - (-1 - -9)).
6
Calculate 14 + -27 + 1 + 5.
-7
Evaluate -19 + 48 + 11 + -13.
27
What is 24 - (5 + -3 + (-7 - -7) + -1)?
23
14 + -42 + (-18 - -75)
29
What is the value of -29 - (13 + -11 + -10)?
-21
Calculate -46 + (28 - -8) + (-11 - -1).
-20
-18 + 9 + 2 - (-9 + 2)
0
What is the value of -10 - (17 + 17 + -33)?
-11
Evaluate (31 - 58) + (2 - -8).
-17
-1 + (10 - 6 - (3 + 2)) - -18
16
What is the value of -1 + 1 + 4 + 5 + -22?
-13
22 + -22 - -20 - 17
3
Evaluate ((0 - 4) + 4 - -1) + (40 - 40).
1
What is 48 + -39 + 1 + (13 - 2)?
21
What is 15 - (7 - (6 - -6) - -14) - -7?
13
(-12 - -20 - (1 - 0)) + -4 - -11
14
-5 + (33 - 41) + -1 + (7 - 0)
-7
Evaluate (9 + -1 - (153 - 128) - -7) + 33.
23
What is the value of 2 - -1 - (-31 - (70 + -65))?
39
What is -19 + 19 + -5 + (1 - (-2 + 1))?
-3
What is the value of -6 + -3 + 9 + (10 - 12)?
-2
Evaluate -1 - (14 + 5 + 0 + (-27 - -28)).
-21
0 - (2 - ((-5 - (0 + 6)) + 4))
-9
23 - ((-44 - -35) + 14)
18
What is 9 - (2 - 7 - -7)?
7
Evaluate (0 - (-21 - -9)) + -15 + -16.
-19
What is -24 + (4 - 28) + 48?
0
What is the value of (2 - (3 - (-3 - -7))) + 0 + -5?
-2
Calculate (2 - -5) + (74 - 80).
1
What is the value of -12 + 9 + 5 + -1 - (1 + 6)?
-6
What is (26 - 31) + (-1 - 3) - (12 + -19)?
-2
Evaluate 26 - (5 + 5) - 4.
12
What is the value of -42 + -19 + 19 - -66?
24
47 - (64 + -49) - (2 + -5 + -4)
39
What is -14 + (-2 - (1 - 0 - (-2 - 0)))?
-19
Evaluate 0 + 4 - (-28 + (2 - -2 - -9)).
19
What is the value of -50 - -40 - (4 - 2)?
-12
What is 7 - (44 + ((1 - 0) + -1 - 3))?
-34
What is (-33 - (-30 + -14)) + -37 + 1?
-25
What is -27 + 27 - (-11 - (4 - 8))?
7
Evaluate -1 - 5 - (185 + -176).
-15
What is the value of 0 + (6 - 1) + (82 - (163 - 76))?
0
What is the value of 13 + (28 - 7 - 23)?
11
Calculate (10 - (-10 + 11)) + -4.
5
Calculate (0 + 40 - 13) + -14.
13
What is (11 - 20) + (-2 - 25) + (-26 - -32)?
-30
What is 2 + -2 + -6 + 3 + 167 + -171?
-7
-1 - (-1 + 2 + (48 - 46) - -1)
-5
2 + -12 - (-32 - (2 - 19))
5
Calculate (1 + 3 - (-3 + 3)) + 206 + -208.
2
Evaluate -9 - (7 + -6 + (-17 - -8)).
-1
What is the value of 3 + 3 + 5 - (11 + -4 + -1)?
5
What is (27 - (-13 - -22)) + -21?
-3
What is -17 + -10 + (-7 - (12 + -40))?
-6
Evaluate (-4 - 2 - (-21 + 23)) + 14.
6
What is -12 - 1 - (-96 + 63)?
20
4 + -9 - -6 - (1 - -4 - 8)
4
-1 - (93 + -130 - (-20 - -1))
17
Calculate 2 + -2 + 8 + -13 + 13 + 6.
14
3 - (-9 + (5 - 0))
7
What is the value of -36 - -40 - ((-1 - 0) + (21 - 11))?
-5
What is -32 + 16 + 20 + -9?
-5
Calculate 0 + -5 + (-6 + 0 - (-49 - -37)).
1
What is the value of -17 - (-22 + 26) - -27?
6
What is the value of -52 + 17 - -6 - -4?
-25
8 + (-11 - (19 + -12))
-10
What is 20 + -31 - (-7 + -15)?
11
What is the value of (2 - -2 - 3) + (8 - 14 - -19)?
14
Calculate -9 - -10 - 18 - -20.
3
-19 - 15 - (-7 - (-4 + 0)) - -8
-23
Evaluate (-2 - 0) + (22 - 11 - 12).
-3
What is 9 - (-10 + 43 + -13 + 4)?
-15
(-1 + 8 + 0 - 8) + 1
0
Calculate (10 - -6) + -7 + 1.
10
5 - (-4 - (2 + 10 + 0))
21
What is the value of -108 + 75 + (-4 - -26)?
-11
What is 3 + -2 + -7 + -10?
-16
Evaluate ((-3 - 17) + 29 - (6 - -1)) + -2.
0
What is 11 + -1 - (-695 - -687)?
18
7 + (-1 - -2) - -6 - -1
15
(-6 - 1) + (10 - (4 + -21))
20
15 + (-6 - (-9 + 15))
3
Calculate (35 - 27 - (0 - -8)) + 4.
4
Calculate 18 + (15 - 28) + 2.
7
Evaluate (15 - 7) + 12 - 9.
11
Calculate -5 - (0 + 5 + -39 + 34 + -6).
1
What is -1 + (1 - (-2 - 1) - 2) + -11?
-10
Calculate (-11 - -5) + (25 - 33).
-14
(-3 - 2) + -3 + 0
-8
(-1 - 1) + -10 + -11 + 32
9
Evaluate -13 - -15 - (5 + -2 - (-9 - -4)).
-6
Calculate -19 + 62 - 81 - (-2 + -3 + 1).
-34
Evaluate -10 + -12 + 17 + 2.
-3
Evaluate (-11 - 3 - -6) + -14.
-22
Evaluate (-7 - -5) + (-1 - 7) + 9.
-1
8 - (7 + (-15 - (-13 - -16)))
19
What is the value of (2 - 7) + (-6 + -2 - -21)?
8
What is 8 - ((4 - 9) + -3) - (8 - 4)?
12
What is the value of -2 - (-1 + 4 + 3) - (27 - 32)?
-3
Evaluate 6 + 32 + -34 + -1 + -12.
-9
Evaluate -4 + -1 + (-1 - 10 - (-13 - -7)).
-10
What is the value of 2 - (11 - 2 - (35 - 20))?
8
What is the value of 0 + 7 + (-11 - (29 + -25)) - -14?
6
5 + 0 + (-2 - (0 + (-4 - -7)))
0
What is the value of -2 + -5 + (-12 - -8)?
-11
What is -6 - (-25 - (-6 + -16))?
-3
What is the value of -27 - -27 - (8 + -7 - -13)?
-14
Evaluate 9 - (18 + 9) - -12 - (-6 - -40).
-40
Calculate -9 + (34 - (33 + -38)).
30
What is the value of (-1 - -9) + (-4 - (-9 - 8 - 9))?
30
What is the value of -4 + -9 + -1 + 10?
-4
Calculate 31 - (-1 - -19) - -8.
21
What is the value of -1 + 0 + (7 - -21 - (3 + 11))?
13
Evaluate (3 - -12) + -10 + -15.
-10
Evaluate (-16 - 1) + -67 + 74.
-10
Evaluate (34 - 38 - -29) + -34.
-9
Calculate 10 + -5 + -20 + 9 + -17 + 6.
-17
What is (1 - -3) + (7 + -17 - -13) + -14?
-7
2 + 8 + (-25 - -20) - (0 + 11)
-6
Calculate 17 - (-27 + -3 - -25).
22
What is the value of -15 + -10 + 0 + (6 - (3 + 0))?
-22
Evaluate (19 - 3 - 13) + (-4 - -25 - -2).
26
What is 36 + -42 + 7 + -13?
-12
(5 - -2) + 2 - 14
-5
Evaluate 0 + 0 + (-59 - -57) - 31.
-33
Calculate 10 + 0 + (12 - (24 - 8 - 4)).
10
3 - (-7 + 13 + -9) - (-6 + -1)
13
Calculate -6 - (7 - 5) - (-2 + (0 - -7)).
-13
Evaluate 31 - (-1 - -11 - (276 - 275)).
22
What is 4 + 15 + -36 - -23?
6
What is the value of (0 - 20 - 1) + -55 + 67?
-9
What is 0 - -2 - ((19 - -19) + -34)?
-2
5 - (0 - (-3 + 9) - 0)
11
Calculate -3 - 10 - (186 - 199).
0
Evaluate (-5 - -13 - (6 - -3)) + 6 + 4.
9
Evaluate 14 - ((-1 - -42 - 9) + -14).
-4
What is the value of (-3 - 0 - 28) + 59?
28
Evaluate 14 + (0 - (4 - -12)) + -13.
-15
What is the value of -29 - (-14 + (-10 - -8))?
-13
Evaluate 46 - 49 - (-6 + 1).
2
What is the value of (10 - 9 - (-1 - 2)) + (-52 - -36)?
-12
Calculate -15 - (-2 + 3) - (14 + -19).
-11
Calculate -2 + 6 + -9 + (24 - 18).
1
What is the value of (6 - (-2 + 2 + 1)) + -41 + 25?
-11
Calculate 29 - (-11 + 10 + 10 + -11).
31
What is the value of 11 + -36 + (20 - 17)?
-22
Evaluate 2 + 2 + -136 + 150 + -1 + -16.
1
What is the value of 10 - ((1 - 12) + 8) - 6?
7
Evaluate -16 - (-19 - 6 - (1 + 15)).
25
What is the value of 0 + (6 - 1) - 4?
1
What is (17 - 16) + 15 - (3 - -7)?
6
-4 - (1 - -5 - 8 - -7)
-9
Calculate 18 + -19 + 19 - 31.
-13
(-6 - 11) + 48 - 17
14
Evaluate 13 + 0 - (40 + -36).
9
What is 25 + (-32 - -3) + 0 + 6?
2
What is the value of (1 - -14) + -4 + -9?
2
Calculate -14 + -1 + -15 + 23 + 3.
-4
-28 + 1 - (57 - 67)
-17
What is 1 - ((1 - (4 - 8)) + -9 - -11)?
-6
Evaluate -40 + -25 + 59 + -16.
-22
What is the value of 92 + -86 - ((19 - 0) + -1 + -1)?
-11
What is the value of (15 - 3) + 22 - 49?
-15
Calculate -12 - (7 - (-4 - 6)).
-29
What is -9 - ((1 + -24 - (-19 - -26)) + 3)?
18
What is -26 - (-17 + -12) - 23?
-20
16 + -35 - 10 - (1 - 14)
-16
What is 6 - ((34 + -3 - 10) + -2)?
-13
Calculate -20 + -4 - (-4 + 1 - -8 - 4).
-25
Calculate (-3 - 2) + (24 + (-21 - 2) - 21).
-25
What is the value of (3 - (8 + 1)) + 5 + -3 + 1?
-3
What is 27 + -18 + (13 - 10)?
12
What is the value of (-3 - -2) + (0 - -7)?
6
What is the value of 9 - (-16 + (43 - 7)) - -8?
-3
(9 - -1) + (0 - (16 + -9))
3
Calculate -2 + (1 - 5) - ((20 - 26) + 9).
-9
-30 + (-48 - -20 - -36)
-22
(11 - (-40 + 36)) + (-1 - 0 - 0)
14
What is the value of -6 + 7 - -23 - 22?
2
Evaluate (6 - 10 - 32 - -7) + -9.
-38
What is the value of -13 + 7 - (-28 + 22)?
0
What is the value of 3 + (10 + -2 - (-42 - -35))?
18
What is the value of 1 + -3 - ((30 - 31) + (-1 - -14))?
-14
What is the value of -8 - ((2 - 9) + 3) - -41?
37
Calculate (-11 - (-7 - 5)) + (-14 - (0 + -2)).
-11
16 + 7 + 2 + (51 - 43)
33
(-3 - 0 - 0) + 861 + -854
4
Evaluate -1 + -31 + 15 + 24.
7
Evaluate (1 - 17) + (4 - (-5 - -25) - -9).
-23
Evaluate -5 - (-25 + -13 + 7).
26
What is the value of (12 - (24 + -7)) + 11?
6
Evaluate 136 + -132 - (-23 + 2 - -5).
20
Calculate (6 + 2 - -4) + -10 + (1 - -12).
15
(1262 - 1211) + -1 + -22
28
What is the value of -21 + (30 - 5) + 27?
31
What is -17 + 12 + -20 + 40?
15
Calculate -21 + (-11 + -2 - -50).
16
What is 5 + 8 + (90 - 72)?
31
What is the value of (8 - 3) + (3 - -1 - (0 +